{"id":7481,"date":"2024-12-06T11:42:42","date_gmt":"2024-12-06T11:42:42","guid":{"rendered":"https:\/\/boutique.solux.sn\/?post_type=product&#038;p=7481"},"modified":"2025-07-03T11:59:39","modified_gmt":"2025-07-03T11:59:39","slug":"offre-solaire-basique","status":"publish","type":"product","link":"https:\/\/boutique.solux.sn\/index.php\/produit\/offre-solaire-basique\/","title":{"rendered":"Offre Basic (1KW)"},"content":{"rendered":"\t\t<div data-elementor-type=\"wp-post\" data-elementor-id=\"7481\" class=\"elementor elementor-7481\">\n\t\t\t\t\t\t<section class=\"elementor-section elementor-top-section elementor-element elementor-element-245caf5 elementor-section-boxed elementor-section-height-default elementor-section-height-default\" data-id=\"245caf5\" data-element_type=\"section\">\n\t\t\t\t\t\t<div class=\"elementor-container elementor-column-gap-default\">\n\t\t\t\t\t<div class=\"elementor-column elementor-col-100 elementor-top-column elementor-element elementor-element-327bf7e\" data-id=\"327bf7e\" data-element_type=\"column\">\n\t\t\t<div class=\"elementor-widget-wrap elementor-element-populated\">\n\t\t\t\t\t\t<div class=\"elementor-element elementor-element-841a55a elementor-widget elementor-widget-image\" data-id=\"841a55a\" data-element_type=\"widget\" data-widget_type=\"image.default\">\n\t\t\t\t<div class=\"elementor-widget-container\">\n\t\t\t\t\t\t\t\t\t\t\t\t\t\t\t<img fetchpriority=\"high\" decoding=\"async\" width=\"1468\" height=\"956\" src=\"https:\/\/boutique.solux.sn\/wp-content\/uploads\/2025\/01\/Accessoires-Generateur-1KW.png\" class=\"attachment-2048x2048 size-2048x2048 wp-image-7767\" alt=\"\" srcset=\"https:\/\/boutique.solux.sn\/wp-content\/uploads\/2025\/01\/Accessoires-Generateur-1KW.png 1468w, https:\/\/boutique.solux.sn\/wp-content\/uploads\/2025\/01\/Accessoires-Generateur-1KW-300x195.png 300w, https:\/\/boutique.solux.sn\/wp-content\/uploads\/2025\/01\/Accessoires-Generateur-1KW-1024x667.png 1024w, https:\/\/boutique.solux.sn\/wp-content\/uploads\/2025\/01\/Accessoires-Generateur-1KW-768x500.png 768w, https:\/\/boutique.solux.sn\/wp-content\/uploads\/2025\/01\/Accessoires-Generateur-1KW-1320x860.png 1320w, https:\/\/boutique.solux.sn\/wp-content\/uploads\/2025\/01\/Accessoires-Generateur-1KW-600x391.png 600w\" sizes=\"(max-width: 1468px) 100vw, 1468px\" \/>\t\t\t\t\t\t\t\t\t\t\t\t\t\t\t<\/div>\n\t\t\t\t<\/div>\n\t\t\t\t\t<\/div>\n\t\t<\/div>\n\t\t\t\t\t<\/div>\n\t\t<\/section>\n\t\t\t\t<section class=\"elementor-section elementor-top-section elementor-element elementor-element-eea87c1 elementor-section-boxed elementor-section-height-default elementor-section-height-default\" data-id=\"eea87c1\" data-element_type=\"section\">\n\t\t\t\t\t\t<div class=\"elementor-container elementor-column-gap-default\">\n\t\t\t\t\t<div class=\"elementor-column elementor-col-50 elementor-top-column elementor-element elementor-element-32b5ac3\" data-id=\"32b5ac3\" data-element_type=\"column\">\n\t\t\t<div class=\"elementor-widget-wrap elementor-element-populated\">\n\t\t\t\t\t\t<div class=\"elementor-element elementor-element-77d1115 elementor-widget__width-initial elementor-widget elementor-widget-heading\" data-id=\"77d1115\" data-element_type=\"widget\" data-widget_type=\"heading.default\">\n\t\t\t\t<div class=\"elementor-widget-container\">\n\t\t\t\t\t<h5 class=\"elementor-heading-title elementor-size-default\">Personnaliser votre dimensionnement<\/h5>\t\t\t\t<\/div>\n\t\t\t\t<\/div>\n\t\t\t\t<div class=\"elementor-element elementor-element-cba3cb1 elementor-widget__width-initial elementor-widget elementor-widget-heading\" data-id=\"cba3cb1\" data-element_type=\"widget\" data-widget_type=\"heading.default\">\n\t\t\t\t<div class=\"elementor-widget-container\">\n\t\t\t\t\t<p class=\"elementor-heading-title elementor-size-default\">Veuillez remplir ce formulaire afin que l'un de nos conseillers commerciaux puisse comprendre vos besoins et vous fournir une r\u00e9ponse personnalis\u00e9e dans les meilleurs d\u00e9lais.<\/p>\t\t\t\t<\/div>\n\t\t\t\t<\/div>\n\t\t\t\t\t<\/div>\n\t\t<\/div>\n\t\t\t\t<div class=\"elementor-column elementor-col-50 elementor-top-column elementor-element elementor-element-ca9596e\" data-id=\"ca9596e\" data-element_type=\"column\">\n\t\t\t<div class=\"elementor-widget-wrap elementor-element-populated\">\n\t\t\t\t\t\t<div class=\"elementor-element elementor-element-c0737f8 elementor-widget elementor-widget-wpforms\" data-id=\"c0737f8\" data-element_type=\"widget\" data-widget_type=\"wpforms.default\">\n\t\t\t\t<div class=\"elementor-widget-container\">\n\t\t\t\t\t<div class=\"wpforms-container \" id=\"wpforms-5523\"><form id=\"wpforms-form-5523\" class=\"wpforms-validate wpforms-form\" data-formid=\"5523\" method=\"post\" enctype=\"multipart\/form-data\" action=\"\/index.php\/wp-json\/wp\/v2\/product\/7481\" data-token=\"ed02229eeacd4b7d191fdc83e4f27631\" data-token-time=\"1775571973\"><noscript class=\"wpforms-error-noscript\">Veuillez activer JavaScript dans votre navigateur pour remplir ce formulaire.<\/noscript><div class=\"wpforms-field-container\"><div id=\"wpforms-5523-field_0-container\" class=\"wpforms-field wpforms-field-name\" data-field-id=\"0\"><label class=\"wpforms-field-label wpforms-label-hide\" for=\"wpforms-5523-field_0\">Nom <span class=\"wpforms-required-label\">*<\/span><\/label><input type=\"text\" id=\"wpforms-5523-field_0\" class=\"wpforms-field-large wpforms-field-required\" name=\"wpforms[fields][0]\" placeholder=\"Nom\" required><\/div><div id=\"wpforms-5523-field_4-container\" class=\"wpforms-field wpforms-field-email\" data-field-id=\"4\"><label class=\"wpforms-field-label wpforms-label-hide\" for=\"wpforms-5523-field_4\">Adresse mail <span class=\"wpforms-required-label\">*<\/span><\/label><input type=\"email\" id=\"wpforms-5523-field_4\" class=\"wpforms-field-large wpforms-field-required\" name=\"wpforms[fields][4]\" placeholder=\"adresse mail\" spellcheck=\"false\" required><\/div><div id=\"wpforms-5523-field_5-container\" class=\"wpforms-field wpforms-field-text\" data-field-id=\"5\"><label class=\"wpforms-field-label wpforms-label-hide\" for=\"wpforms-5523-field_5\">T\u00e9l\u00e9phone <span class=\"wpforms-required-label\">*<\/span><\/label><input type=\"text\" id=\"wpforms-5523-field_5\" class=\"wpforms-field-large wpforms-field-required\" name=\"wpforms[fields][5]\" placeholder=\"T\u00e9l\u00e9phone\" required><\/div><div id=\"wpforms-5523-field_8-container\" class=\"wpforms-field wpforms-field-text\" data-field-id=\"8\"><label class=\"wpforms-field-label wpforms-label-hide\" for=\"wpforms-5523-field_8\">O\u00f9 aimeriez vous installer votre g\u00e9n\u00e9rateur? <span class=\"wpforms-required-label\">*<\/span><\/label><input type=\"text\" id=\"wpforms-5523-field_8\" class=\"wpforms-field-large wpforms-field-required\" name=\"wpforms[fields][8]\" placeholder=\"O\u00f9 aimeriez vous installer votre g\u00e9n\u00e9rateur?\" required><\/div><div id=\"wpforms-5523-field_10-container\" class=\"wpforms-field wpforms-field-textarea\" data-field-id=\"10\"><label class=\"wpforms-field-label wpforms-label-hide\" for=\"wpforms-5523-field_10\">Liste des appareils et leurs puissances <span class=\"wpforms-required-label\">*<\/span><\/label><textarea id=\"wpforms-5523-field_10\" class=\"wpforms-field-medium wpforms-field-required\" name=\"wpforms[fields][10]\" placeholder=\"Veuillez entrer la liste des appareils et leurs puissances respectives (exemples lampe: 9W, Ventilo: 300W)\" required><\/textarea><\/div><\/div><!-- .wpforms-field-container --><div class=\"wpforms-field wpforms-field-hp\"><label for=\"wpforms-5523-field-hp\" class=\"wpforms-field-label\">Name<\/label><input type=\"text\" name=\"wpforms[hp]\" id=\"wpforms-5523-field-hp\" class=\"wpforms-field-medium\"><\/div><div class=\"wpforms-submit-container\" ><input type=\"hidden\" name=\"wpforms[id]\" value=\"5523\"><input type=\"hidden\" name=\"page_title\" value=\"\"><input type=\"hidden\" name=\"page_url\" value=\"https:\/\/boutique.solux.sn\/index.php\/wp-json\/wp\/v2\/product\/7481\"><input type=\"hidden\" name=\"url_referer\" value=\"\"><button type=\"submit\" name=\"wpforms[submit]\" id=\"wpforms-submit-5523\" class=\"wpforms-submit\" data-alt-text=\"Envoi...\" data-submit-text=\"Envoyer\" aria-live=\"assertive\" value=\"wpforms-submit\">Envoyer<\/button><\/div><\/form><\/div>  <!-- .wpforms-container -->\t\t\t\t<\/div>\n\t\t\t\t<\/div>\n\t\t\t\t\t<\/div>\n\t\t<\/div>\n\t\t\t\t\t<\/div>\n\t\t<\/section>\n\t\t\t\t<\/div>\n\t\t","protected":false},"excerpt":{"rendered":"[wpforms id=\"5523\"]\n","protected":false},"featured_media":7863,"template":"elementor_theme","meta":{"_uag_custom_page_level_css":"","site-sidebar-layout":"no-sidebar","site-content-layout":"page-builder","ast-site-content-layout":"default","site-content-style":"default","site-sidebar-style":"default","ast-global-header-display":"","ast-banner-title-visibility":"","ast-main-header-display":"","ast-hfb-above-header-display":"","ast-hfb-below-header-display":"","ast-hfb-mobile-header-display":"","site-post-title":"","ast-breadcrumbs-content":"","ast-featured-img":"","footer-sml-layout":"","theme-transparent-header-meta":"default","adv-header-id-meta":"","stick-header-meta":"default","header-above-stick-meta":"","header-main-stick-meta":"","header-below-stick-meta":"","astra-migrate-meta-layouts":"set","ast-page-background-enabled":"default","ast-page-background-meta":{"desktop":{"background-color":"","background-image":"","background-repeat":"repeat","background-position":"center center","background-size":"auto","background-attachment":"scroll","background-type":"","background-media":"","overlay-type":"","overlay-color":"","overlay-opacity":"","overlay-gradient":""},"tablet":{"background-color":"","background-image":"","background-repeat":"repeat","background-position":"center center","background-size":"auto","background-attachment":"scroll","background-type":"","background-media":"","overlay-type":"","overlay-color":"","overlay-opacity":"","overlay-gradient":""},"mobile":{"background-color":"","background-image":"","background-repeat":"repeat","background-position":"center center","background-size":"auto","background-attachment":"scroll","background-type":"","background-media":"","overlay-type":"","overlay-color":"","overlay-opacity":"","overlay-gradient":""}},"ast-content-background-meta":{"desktop":{"background-color":"var(--ast-global-color-5)","background-image":"","background-repeat":"repeat","background-position":"center center","background-size":"auto","background-attachment":"scroll","background-type":"","background-media":"","overlay-type":"","overlay-color":"","overlay-opacity":"","overlay-gradient":""},"tablet":{"background-color":"var(--ast-global-color-5)","background-image":"","background-repeat":"repeat","background-position":"center center","background-size":"auto","background-attachment":"scroll","background-type":"","background-media":"","overlay-type":"","overlay-color":"","overlay-opacity":"","overlay-gradient":""},"mobile":{"background-color":"var(--ast-global-color-5)","background-image":"","background-repeat":"repeat","background-position":"center center","background-size":"auto","background-attachment":"scroll","background-type":"","background-media":"","overlay-type":"","overlay-color":"","overlay-opacity":"","overlay-gradient":""}}},"product_brand":[],"product_cat":[123,125],"product_tag":[129,130],"class_list":{"0":"post-7481","1":"product","2":"type-product","3":"status-publish","4":"has-post-thumbnail","6":"product_cat-generateurs-solaires","7":"product_cat-solaires","8":"product_tag-1kw","9":"product_tag-solaires","10":"desktop-align-left","11":"tablet-align-left","12":"mobile-align-left","13":"ast-product-gallery-layout-vertical","14":"ast-product-gallery-with-no-image","15":"ast-magnify-disabled","16":"ast-product-tabs-layout-accordion","17":"ast-qv-on-image","19":"first","20":"instock","21":"shipping-taxable","22":"product-type-simple"},"spectra_custom_meta":{"_edit_lock":["1751544347:2"],"_edit_last":["2"],"_thumbnail_id":["7863"],"_wp_page_template":["elementor_theme"],"cartflows_redirect_flow_id":[""],"cartflows_add_to_cart_text":["Ajouter au Panier"],"total_sales":["0"],"_tax_status":["taxable"],"_tax_class":[""],"_manage_stock":["no"],"_backorders":["no"],"_sold_individually":["no"],"_virtual":["no"],"_downloadable":["no"],"_download_limit":["-1"],"_download_expiry":["4"],"_stock":[null],"_stock_status":["instock"],"_wc_average_rating":["0"],"_wc_review_count":["0"],"_product_version":["9.9.3"],"_wc_pinterest_condition":["new"],"site-sidebar-layout":["no-sidebar"],"ast-site-content-layout":["default"],"site-content-style":["default"],"site-sidebar-style":["default"],"theme-transparent-header-meta":["default"],"_g_feedback_shortcode_dad343ba9af9f5a39e950022760c1f843114f958":["[contact-field label=\"Nom\" type=\"name\"  required=\"true\" \/][contact-field label=\"E-mail\" type=\"email\" required=\"true\" \/][contact-field label=\"Site web\" type=\"url\" \/][contact-field label=\"Message\" type=\"textarea\" \/]"],"_g_feedback_shortcode_atts_dad343ba9af9f5a39e950022760c1f843114f958":["a:17:{s:2:\"to\";s:16:\"joesarr@solux.sn\";s:7:\"subject\";s:34:\"[Boutique-Solux] Offre Basic (1KW)\";s:12:\"show_subject\";s:2:\"no\";s:6:\"widget\";i:0;s:14:\"block_template\";N;s:19:\"block_template_part\";N;s:2:\"id\";i:7481;s:18:\"submit_button_text\";s:7:\"Envoyer\";s:14:\"customThankyou\";s:0:\"\";s:21:\"customThankyouHeading\";s:29:\"Votre message a \u00e9t\u00e9 envoy\u00e9\";s:21:\"customThankyouMessage\";s:30:\"Merci pour votre soumission\u00a0!\";s:22:\"customThankyouRedirect\";s:0:\"\";s:10:\"jetpackCRM\";b:1;s:9:\"className\";N;s:9:\"postToUrl\";N;s:14:\"salesforceData\";N;s:12:\"hiddenFields\";N;}"],"_elementor_edit_mode":["builder"],"_elementor_template_type":["wp-post"],"_elementor_version":["3.29.2"],"_astra_content_layout_flag":["disabled"],"ast-title-bar-display":["disabled"],"site-content-layout":["page-builder"],"_elementor_data":["[{\"id\":\"245caf5\",\"elType\":\"section\",\"settings\":{\"display_condition_list\":[{\"display_condition_login_status\":\"subscriber\",\"_id\":\"720656f\"}]},\"elements\":[{\"id\":\"327bf7e\",\"elType\":\"column\",\"settings\":{\"_column_size\":100,\"_inline_size\":null,\"display_condition_list\":[{\"display_condition_login_status\":\"subscriber\",\"_id\":\"1909995\"}]},\"elements\":[{\"id\":\"841a55a\",\"elType\":\"widget\",\"settings\":{\"image\":{\"url\":\"https:\\\/\\\/boutique.solux.sn\\\/wp-content\\\/uploads\\\/2025\\\/01\\\/Accessoires-Generateur-1KW.png\",\"id\":7767,\"size\":\"\",\"alt\":\"\",\"source\":\"library\"},\"image_size\":\"2048x2048\",\"display_condition_list\":[{\"display_condition_login_status\":\"subscriber\",\"_id\":\"163dd5d\"}]},\"elements\":[],\"widgetType\":\"image\"}],\"isInner\":false}],\"isInner\":false},{\"id\":\"eea87c1\",\"elType\":\"section\",\"settings\":{\"structure\":\"20\",\"margin\":{\"unit\":\"px\",\"top\":\"70\",\"right\":0,\"bottom\":\"70\",\"left\":0,\"isLinked\":true},\"display_condition_list\":[{\"display_condition_login_status\":\"subscriber\",\"_id\":\"cc62892\"}]},\"elements\":[{\"id\":\"32b5ac3\",\"elType\":\"column\",\"settings\":{\"_column_size\":50,\"_inline_size\":43.059,\"display_condition_list\":[{\"display_condition_login_status\":\"subscriber\",\"_id\":\"1d2332a\"}]},\"elements\":[{\"id\":\"77d1115\",\"elType\":\"widget\",\"settings\":{\"title\":\"Personnaliser votre dimensionnement\",\"header_size\":\"h5\",\"typography_typography\":\"custom\",\"typography_font_size\":{\"unit\":\"px\",\"size\":20,\"sizes\":[]},\"typography_font_weight\":\"700\",\"_element_width\":\"initial\",\"_element_custom_width\":{\"unit\":\"%\",\"size\":113.046},\"__globals__\":{\"title_color\":\"globals\\\/colors?id=astglobalcolor0\"},\"align\":\"center\",\"display_condition_list\":[{\"display_condition_login_status\":\"subscriber\",\"_id\":\"75bb825\"}]},\"elements\":[],\"widgetType\":\"heading\"},{\"id\":\"cba3cb1\",\"elType\":\"widget\",\"settings\":{\"title\":\"Veuillez remplir ce formulaire afin que l'un de nos conseillers commerciaux puisse comprendre vos besoins et vous fournir une r\\u00e9ponse personnalis\\u00e9e dans les meilleurs d\\u00e9lais.\",\"header_size\":\"p\",\"typography_typography\":\"custom\",\"typography_font_size\":{\"unit\":\"px\",\"size\":14,\"sizes\":[]},\"_element_width\":\"initial\",\"_element_custom_width\":{\"unit\":\"%\",\"size\":113.046},\"__globals__\":{\"title_color\":\"globals\\\/colors?id=astglobalcolor3\"},\"align\":\"justify\",\"typography_line_height\":{\"unit\":\"px\",\"size\":22,\"sizes\":[]},\"_margin\":{\"unit\":\"px\",\"top\":\"35\",\"right\":\"0\",\"bottom\":\"0\",\"left\":\"0\",\"isLinked\":false},\"text_stroke_text_stroke_type\":\"yes\",\"display_condition_list\":[{\"display_condition_login_status\":\"subscriber\",\"_id\":\"3be549c\"}]},\"elements\":[],\"widgetType\":\"heading\"}],\"isInner\":false},{\"id\":\"ca9596e\",\"elType\":\"column\",\"settings\":{\"_column_size\":50,\"_inline_size\":56.842,\"display_condition_list\":[{\"display_condition_login_status\":\"subscriber\",\"_id\":\"d0071e8\"}]},\"elements\":[{\"id\":\"c0737f8\",\"elType\":\"widget\",\"settings\":{\"form_id\":\"5523\",\"display_condition_list\":[{\"display_condition_login_status\":\"subscriber\",\"_id\":\"8cacbb5\"}]},\"elements\":[],\"widgetType\":\"wpforms\"}],\"isInner\":false}],\"isInner\":false}]"],"_downloadable_files":["a:1:{s:36:\"515ed582-69ec-4d83-b54c-09f3118aa8b9\";a:4:{s:2:\"id\";s:36:\"515ed582-69ec-4d83-b54c-09f3118aa8b9\";s:4:\"name\";s:15:\"Fiche technique\";s:4:\"file\";s:113:\"https:\/\/boutique.solux.sn\/wp-content\/uploads\/woocommerce_uploads\/2024\/12\/BILAN-DEP.-INFORMATIQUE-SOLUX-riv9hs.pdf\";s:7:\"enabled\";b:1;}}"],"_price":[""],"_sale_price":[""],"_elementor_controls_usage":["a:5:{s:5:\"image\";a:3:{s:5:\"count\";i:1;s:15:\"control_percent\";i:1;s:8:\"controls\";a:1:{s:7:\"content\";a:1:{s:13:\"section_image\";a:2:{s:5:\"image\";i:1;s:10:\"image_size\";i:1;}}}}s:6:\"column\";a:3:{s:5:\"count\";i:3;s:15:\"control_percent\";i:0;s:8:\"controls\";a:1:{s:6:\"layout\";a:1:{s:6:\"layout\";a:1:{s:12:\"_inline_size\";i:3;}}}}s:7:\"section\";a:3:{s:5:\"count\";i:2;s:15:\"control_percent\";i:1;s:8:\"controls\";a:2:{s:6:\"layout\";a:1:{s:17:\"section_structure\";a:1:{s:9:\"structure\";i:1;}}s:8:\"advanced\";a:1:{s:16:\"section_advanced\";a:1:{s:6:\"margin\";i:1;}}}}s:7:\"heading\";a:3:{s:5:\"count\";i:2;s:15:\"control_percent\";i:4;s:8:\"controls\";a:3:{s:7:\"content\";a:1:{s:13:\"section_title\";a:2:{s:5:\"title\";i:2;s:11:\"header_size\";i:2;}}s:5:\"style\";a:1:{s:19:\"section_title_style\";a:6:{s:21:\"typography_typography\";i:2;s:20:\"typography_font_size\";i:2;s:22:\"typography_font_weight\";i:2;s:5:\"align\";i:2;s:22:\"typography_font_family\";i:1;s:22:\"typography_line_height\";i:1;}}s:8:\"advanced\";a:1:{s:14:\"_section_style\";a:3:{s:14:\"_element_width\";i:2;s:21:\"_element_custom_width\";i:2;s:7:\"_margin\";i:1;}}}}s:7:\"wpforms\";a:3:{s:5:\"count\";i:1;s:15:\"control_percent\";i:0;s:8:\"controls\";a:1:{s:7:\"content\";a:1:{s:12:\"section_form\";a:1:{s:7:\"form_id\";i:1;}}}}}"],"astra-migrate-meta-layouts":["set"],"stick-header-meta":["default"],"_uag_page_assets":["a:9:{s:3:\"css\";s:263:\".uag-blocks-common-selector{z-index:var(--z-index-desktop) !important}@media (max-width: 976px){.uag-blocks-common-selector{z-index:var(--z-index-tablet) !important}}@media (max-width: 767px){.uag-blocks-common-selector{z-index:var(--z-index-mobile) !important}}\n\";s:2:\"js\";s:0:\"\";s:18:\"current_block_list\";a:15:{i:0;s:11:\"core\/search\";i:1;s:10:\"core\/group\";i:2;s:12:\"core\/heading\";i:3;s:17:\"core\/latest-posts\";i:4;s:20:\"core\/latest-comments\";i:5;s:13:\"core\/archives\";i:6;s:15:\"core\/categories\";i:7;s:26:\"woocommerce\/product-search\";i:8;s:17:\"core\/widget-group\";i:9;s:30:\"woocommerce\/product-categories\";i:10;s:10:\"core\/image\";i:11;s:14:\"core\/separator\";i:12;s:14:\"core\/paragraph\";i:13;s:9:\"core\/list\";i:14;s:14:\"core\/list-item\";}s:8:\"uag_flag\";b:0;s:11:\"uag_version\";s:10:\"1767185035\";s:6:\"gfonts\";a:0:{}s:10:\"gfonts_url\";s:0:\"\";s:12:\"gfonts_files\";a:0:{}s:14:\"uag_faq_layout\";b:0;}"],"_elementor_css":["a:6:{s:4:\"time\";i:1753028916;s:5:\"fonts\";a:0:{}s:5:\"icons\";a:0:{}s:20:\"dynamic_elements_ids\";a:0:{}s:6:\"status\";s:4:\"file\";i:0;s:0:\"\";}"],"_elementor_page_assets":["a:2:{s:6:\"styles\";a:2:{i:0;s:12:\"widget-image\";i:1;s:14:\"widget-heading\";}s:7:\"scripts\";a:2:{i:0;s:18:\"elementor-frontend\";i:1;s:17:\"wpforms-elementor\";}}"],"_uag_css_file_name":["uag-css-7481.css"]},"uagb_featured_image_src":{"full":["https:\/\/boutique.solux.sn\/wp-content\/uploads\/2025\/01\/file-removebg-preview.png",500,500,false],"thumbnail":["https:\/\/boutique.solux.sn\/wp-content\/uploads\/2025\/01\/file-removebg-preview-150x150.png",150,150,true],"medium":["https:\/\/boutique.solux.sn\/wp-content\/uploads\/2025\/01\/file-removebg-preview-300x300.png",300,300,true],"medium_large":["https:\/\/boutique.solux.sn\/wp-content\/uploads\/2025\/01\/file-removebg-preview.png",500,500,false],"large":["https:\/\/boutique.solux.sn\/wp-content\/uploads\/2025\/01\/file-removebg-preview.png",500,500,false],"1536x1536":["https:\/\/boutique.solux.sn\/wp-content\/uploads\/2025\/01\/file-removebg-preview.png",500,500,false],"2048x2048":["https:\/\/boutique.solux.sn\/wp-content\/uploads\/2025\/01\/file-removebg-preview.png",500,500,false],"woocommerce_thumbnail":["https:\/\/boutique.solux.sn\/wp-content\/uploads\/2025\/01\/file-removebg-preview.png",500,500,false],"woocommerce_single":["https:\/\/boutique.solux.sn\/wp-content\/uploads\/2025\/01\/file-removebg-preview.png",500,500,false],"woocommerce_gallery_thumbnail":["https:\/\/boutique.solux.sn\/wp-content\/uploads\/2025\/01\/file-removebg-preview-100x100.png",100,100,true]},"uagb_author_info":{"display_name":"Joseph SARR","author_link":"https:\/\/boutique.solux.sn\/index.php\/author\/"},"uagb_comment_info":0,"uagb_excerpt":"[wpforms id=\"5523\"]","_links":{"self":[{"href":"https:\/\/boutique.solux.sn\/index.php\/wp-json\/wp\/v2\/product\/7481","targetHints":{"allow":["GET"]}}],"collection":[{"href":"https:\/\/boutique.solux.sn\/index.php\/wp-json\/wp\/v2\/product"}],"about":[{"href":"https:\/\/boutique.solux.sn\/index.php\/wp-json\/wp\/v2\/types\/product"}],"version-history":[{"count":36,"href":"https:\/\/boutique.solux.sn\/index.php\/wp-json\/wp\/v2\/product\/7481\/revisions"}],"predecessor-version":[{"id":8833,"href":"https:\/\/boutique.solux.sn\/index.php\/wp-json\/wp\/v2\/product\/7481\/revisions\/8833"}],"wp:featuredmedia":[{"embeddable":true,"href":"https:\/\/boutique.solux.sn\/index.php\/wp-json\/wp\/v2\/media\/7863"}],"wp:attachment":[{"href":"https:\/\/boutique.solux.sn\/index.php\/wp-json\/wp\/v2\/media?parent=7481"}],"wp:term":[{"taxonomy":"product_brand","embeddable":true,"href":"https:\/\/boutique.solux.sn\/index.php\/wp-json\/wp\/v2\/product_brand?post=7481"},{"taxonomy":"product_cat","embeddable":true,"href":"https:\/\/boutique.solux.sn\/index.php\/wp-json\/wp\/v2\/product_cat?post=7481"},{"taxonomy":"product_tag","embeddable":true,"href":"https:\/\/boutique.solux.sn\/index.php\/wp-json\/wp\/v2\/product_tag?post=7481"}],"curies":[{"name":"wp","href":"https:\/\/api.w.org\/{rel}","templated":true}]}}