{"id":5340,"date":"2023-09-08T16:29:23","date_gmt":"2023-09-08T16:29:23","guid":{"rendered":"http:\/\/boutique.solux.sn\/?post_type=product&#038;p=5340"},"modified":"2025-07-11T16:46:37","modified_gmt":"2025-07-11T16:46:37","slug":"lampadaire-residentiel-200w","status":"publish","type":"product","link":"https:\/\/boutique.solux.sn\/index.php\/produit\/lampadaire-residentiel-200w\/","title":{"rendered":"Lampadaire r\u00e9sidentiel 200W"},"content":{"rendered":"\t\t<div data-elementor-type=\"wp-post\" data-elementor-id=\"5340\" class=\"elementor elementor-5340\">\n\t\t\t\t\t\t<section class=\"elementor-section elementor-top-section elementor-element elementor-element-71a855e elementor-section-boxed elementor-section-height-default elementor-section-height-default\" data-id=\"71a855e\" data-element_type=\"section\">\n\t\t\t\t\t\t<div class=\"elementor-container elementor-column-gap-default\">\n\t\t\t\t\t<div class=\"elementor-column elementor-col-100 elementor-top-column elementor-element elementor-element-5e4fa3a\" data-id=\"5e4fa3a\" data-element_type=\"column\">\n\t\t\t<div class=\"elementor-widget-wrap elementor-element-populated\">\n\t\t\t\t\t\t<div class=\"elementor-element elementor-element-f7133e2 elementor-widget elementor-widget-image\" data-id=\"f7133e2\" data-element_type=\"widget\" data-widget_type=\"image.default\">\n\t\t\t\t<div class=\"elementor-widget-container\">\n\t\t\t\t\t\t\t\t\t\t\t\t\t\t\t<img fetchpriority=\"high\" decoding=\"async\" width=\"1600\" height=\"449\" src=\"https:\/\/boutique.solux.sn\/wp-content\/uploads\/2023\/09\/WhatsApp-Image-2023-09-11-at-10.15.37-3.jpeg\" class=\"attachment-full size-full wp-image-5364\" alt=\"\" srcset=\"https:\/\/boutique.solux.sn\/wp-content\/uploads\/2023\/09\/WhatsApp-Image-2023-09-11-at-10.15.37-3.jpeg 1600w, https:\/\/boutique.solux.sn\/wp-content\/uploads\/2023\/09\/WhatsApp-Image-2023-09-11-at-10.15.37-3-600x168.jpeg 600w, https:\/\/boutique.solux.sn\/wp-content\/uploads\/2023\/09\/WhatsApp-Image-2023-09-11-at-10.15.37-3-300x84.jpeg 300w, https:\/\/boutique.solux.sn\/wp-content\/uploads\/2023\/09\/WhatsApp-Image-2023-09-11-at-10.15.37-3-1024x287.jpeg 1024w, https:\/\/boutique.solux.sn\/wp-content\/uploads\/2023\/09\/WhatsApp-Image-2023-09-11-at-10.15.37-3-768x216.jpeg 768w, https:\/\/boutique.solux.sn\/wp-content\/uploads\/2023\/09\/WhatsApp-Image-2023-09-11-at-10.15.37-3-1536x431.jpeg 1536w, https:\/\/boutique.solux.sn\/wp-content\/uploads\/2023\/09\/WhatsApp-Image-2023-09-11-at-10.15.37-3-1320x370.jpeg 1320w\" sizes=\"(max-width: 1600px) 100vw, 1600px\" \/>\t\t\t\t\t\t\t\t\t\t\t\t\t\t\t<\/div>\n\t\t\t\t<\/div>\n\t\t\t\t\t<\/div>\n\t\t<\/div>\n\t\t\t\t\t<\/div>\n\t\t<\/section>\n\t\t\t\t<\/div>\n\t\t","protected":false},"excerpt":{"rendered":"<p>Le lampadaire solaire de 200W est une solution d\u2019\u00e9clairage ext\u00e9rieur sans fil, durable, efficace et respectueuse de l\u2019environnement. Il est \u00e9conomique, \u00e9cologique et facile \u00e0 installer. Pour un rendement optimal, il est recommand\u00e9 de l\u2019installer dans un endroit suffisamment ensoleill\u00e9.<\/p>\n","protected":false},"featured_media":8924,"template":"elementor_theme","meta":{"_uag_custom_page_level_css":"","site-sidebar-layout":"no-sidebar","site-content-layout":"page-builder","ast-site-content-layout":"default","site-content-style":"default","site-sidebar-style":"unboxed","ast-global-header-display":"","ast-banner-title-visibility":"","ast-main-header-display":"","ast-hfb-above-header-display":"","ast-hfb-below-header-display":"","ast-hfb-mobile-header-display":"","site-post-title":"disabled","ast-breadcrumbs-content":"","ast-featured-img":"disabled","footer-sml-layout":"","theme-transparent-header-meta":"default","adv-header-id-meta":"","stick-header-meta":"default","header-above-stick-meta":"","header-main-stick-meta":"","header-below-stick-meta":"","astra-migrate-meta-layouts":"set","ast-page-background-enabled":"default","ast-page-background-meta":{"desktop":{"background-color":"","background-image":"","background-repeat":"repeat","background-position":"center center","background-size":"auto","background-attachment":"scroll","background-type":"","background-media":"","overlay-type":"","overlay-color":"","overlay-opacity":"","overlay-gradient":""},"tablet":{"background-color":"","background-image":"","background-repeat":"repeat","background-position":"center center","background-size":"auto","background-attachment":"scroll","background-type":"","background-media":"","overlay-type":"","overlay-color":"","overlay-opacity":"","overlay-gradient":""},"mobile":{"background-color":"","background-image":"","background-repeat":"repeat","background-position":"center center","background-size":"auto","background-attachment":"scroll","background-type":"","background-media":"","overlay-type":"","overlay-color":"","overlay-opacity":"","overlay-gradient":""}},"ast-content-background-meta":{"desktop":{"background-color":"var(--ast-global-color-5)","background-image":"","background-repeat":"repeat","background-position":"center center","background-size":"auto","background-attachment":"scroll","background-type":"","background-media":"","overlay-type":"","overlay-color":"","overlay-opacity":"","overlay-gradient":""},"tablet":{"background-color":"var(--ast-global-color-5)","background-image":"","background-repeat":"repeat","background-position":"center center","background-size":"auto","background-attachment":"scroll","background-type":"","background-media":"","overlay-type":"","overlay-color":"","overlay-opacity":"","overlay-gradient":""},"mobile":{"background-color":"var(--ast-global-color-5)","background-image":"","background-repeat":"repeat","background-position":"center center","background-size":"auto","background-attachment":"scroll","background-type":"","background-media":"","overlay-type":"","overlay-color":"","overlay-opacity":"","overlay-gradient":""}}},"product_brand":[],"product_cat":[78],"product_tag":[],"class_list":{"0":"post-5340","1":"product","2":"type-product","3":"status-publish","4":"has-post-thumbnail","6":"product_cat-lampadaires-solaires","7":"desktop-align-left","8":"tablet-align-left","9":"mobile-align-left","10":"ast-product-gallery-layout-vertical","11":"ast-product-gallery-with-no-image","12":"ast-magnify-disabled","13":"ast-product-tabs-layout-accordion","14":"ast-qv-on-image","16":"first","17":"instock","18":"shipping-taxable","19":"product-type-simple"},"spectra_custom_meta":{"total_sales":["0"],"_tax_status":["taxable"],"_tax_class":[""],"_manage_stock":["no"],"_backorders":["no"],"_sold_individually":["no"],"_virtual":["no"],"_downloadable":["no"],"_download_limit":["-1"],"_download_expiry":["-1"],"_thumbnail_id":["8924"],"_stock":[null],"_stock_status":["instock"],"_wc_average_rating":["0"],"_wc_review_count":["0"],"_product_version":["9.9.3"],"_price":[""],"_yoast_wpseo_primary_product_cat":["22"],"site-sidebar-layout":["no-sidebar"],"site-content-layout":["page-builder"],"stick-header-meta":["default"],"theme-transparent-header-meta":["default"],"_yoast_wpseo_content_score":["90"],"_wp_page_template":["elementor_theme"],"_yoast_wpseo_estimated-reading-time-minutes":["2"],"_elementor_edit_mode":["builder"],"_elementor_template_type":["wp-post"],"_elementor_version":["3.25.11"],"_elementor_data":["[{\"id\":\"71a855e\",\"elType\":\"section\",\"settings\":[],\"elements\":[{\"id\":\"5e4fa3a\",\"elType\":\"column\",\"settings\":{\"_column_size\":100,\"_inline_size\":null},\"elements\":[{\"id\":\"f7133e2\",\"elType\":\"widget\",\"settings\":{\"image\":{\"url\":\"http:\\\/\\\/boutique.solux.sn\\\/wp-content\\\/uploads\\\/2023\\\/09\\\/WhatsApp-Image-2023-09-11-at-10.15.37-3.jpeg\",\"id\":5364,\"size\":\"\",\"alt\":\"\",\"source\":\"library\"},\"image_size\":\"full\"},\"elements\":[],\"widgetType\":\"image\"}],\"isInner\":false}],\"isInner\":false}]"],"_wxr_import_user_slug":["harshadd"],"_astra_sites_imported_post":["1"],"_astra_sites_enable_for_batch":["1"],"_astra_sites_hotlink_imported":["1"],"_last_editor_used_jetpack":["classic-editor"],"cartflows_redirect_flow_id":[""],"cartflows_add_to_cart_text":[""],"_astra_content_layout_flag":["disabled"],"site-post-title":["disabled"],"ast-title-bar-display":["disabled"],"ast-featured-img":["disabled"],"_edit_lock":["1752252267:2"],"_edit_last":["2"],"_sale_price":[""],"_elementor_controls_usage":["a:3:{s:5:\"image\";a:3:{s:5:\"count\";i:1;s:15:\"control_percent\";i:1;s:8:\"controls\";a:1:{s:7:\"content\";a:1:{s:13:\"section_image\";a:2:{s:5:\"image\";i:1;s:10:\"image_size\";i:1;}}}}s:6:\"column\";a:3:{s:5:\"count\";i:1;s:15:\"control_percent\";i:0;s:8:\"controls\";a:1:{s:6:\"layout\";a:1:{s:6:\"layout\";a:1:{s:12:\"_inline_size\";i:1;}}}}s:7:\"section\";a:3:{s:5:\"count\";i:1;s:15:\"control_percent\";i:0;s:8:\"controls\";a:0:{}}}"],"ast-site-content-layout":["default"],"site-content-style":["default"],"site-sidebar-style":["unboxed"],"astra-migrate-meta-layouts":["set"],"_uag_page_assets":["a:9:{s:3:\"css\";s:263:\".uag-blocks-common-selector{z-index:var(--z-index-desktop) !important}@media (max-width: 976px){.uag-blocks-common-selector{z-index:var(--z-index-tablet) !important}}@media (max-width: 767px){.uag-blocks-common-selector{z-index:var(--z-index-mobile) !important}}\n\";s:2:\"js\";s:0:\"\";s:18:\"current_block_list\";a:15:{i:0;s:11:\"core\/search\";i:1;s:10:\"core\/group\";i:2;s:12:\"core\/heading\";i:3;s:17:\"core\/latest-posts\";i:4;s:20:\"core\/latest-comments\";i:5;s:13:\"core\/archives\";i:6;s:15:\"core\/categories\";i:7;s:26:\"woocommerce\/product-search\";i:8;s:17:\"core\/widget-group\";i:9;s:30:\"woocommerce\/product-categories\";i:10;s:10:\"core\/image\";i:11;s:14:\"core\/separator\";i:12;s:14:\"core\/paragraph\";i:13;s:9:\"core\/list\";i:14;s:14:\"core\/list-item\";}s:8:\"uag_flag\";b:0;s:11:\"uag_version\";s:10:\"1767185035\";s:6:\"gfonts\";a:0:{}s:10:\"gfonts_url\";s:0:\"\";s:12:\"gfonts_files\";a:0:{}s:14:\"uag_faq_layout\";b:0;}"],"_elementor_page_assets":["a:2:{s:6:\"styles\";a:1:{i:0;s:12:\"widget-image\";}s:7:\"scripts\";a:1:{i:0;s:18:\"elementor-frontend\";}}"],"_elementor_css":["a:7:{s:4:\"time\";i:1753048249;s:5:\"fonts\";a:0:{}s:5:\"icons\";a:0:{}s:20:\"dynamic_elements_ids\";a:0:{}s:6:\"status\";s:5:\"empty\";i:0;s:0:\"\";s:3:\"css\";s:0:\"\";}"],"_uag_css_file_name":["uag-css-5340.css"]},"uagb_featured_image_src":{"full":["https:\/\/boutique.solux.sn\/wp-content\/uploads\/2023\/09\/freepik__enhance__5713-removebg-preview.png",500,500,false],"thumbnail":["https:\/\/boutique.solux.sn\/wp-content\/uploads\/2023\/09\/freepik__enhance__5713-removebg-preview-150x150.png",150,150,true],"medium":["https:\/\/boutique.solux.sn\/wp-content\/uploads\/2023\/09\/freepik__enhance__5713-removebg-preview-300x300.png",300,300,true],"medium_large":["https:\/\/boutique.solux.sn\/wp-content\/uploads\/2023\/09\/freepik__enhance__5713-removebg-preview.png",500,500,false],"large":["https:\/\/boutique.solux.sn\/wp-content\/uploads\/2023\/09\/freepik__enhance__5713-removebg-preview.png",500,500,false],"1536x1536":["https:\/\/boutique.solux.sn\/wp-content\/uploads\/2023\/09\/freepik__enhance__5713-removebg-preview.png",500,500,false],"2048x2048":["https:\/\/boutique.solux.sn\/wp-content\/uploads\/2023\/09\/freepik__enhance__5713-removebg-preview.png",500,500,false],"woocommerce_thumbnail":["https:\/\/boutique.solux.sn\/wp-content\/uploads\/2023\/09\/freepik__enhance__5713-removebg-preview.png",500,500,false],"woocommerce_single":["https:\/\/boutique.solux.sn\/wp-content\/uploads\/2023\/09\/freepik__enhance__5713-removebg-preview.png",500,500,false],"woocommerce_gallery_thumbnail":["https:\/\/boutique.solux.sn\/wp-content\/uploads\/2023\/09\/freepik__enhance__5713-removebg-preview-100x100.png",100,100,true]},"uagb_author_info":{"display_name":"adminsolux","author_link":"https:\/\/boutique.solux.sn\/index.php\/author\/"},"uagb_comment_info":0,"uagb_excerpt":"Le lampadaire solaire de 200W est une solution d\u2019\u00e9clairage ext\u00e9rieur sans fil, durable, efficace et respectueuse de l\u2019environnement. Il est \u00e9conomique, \u00e9cologique et facile \u00e0 installer. Pour un rendement optimal, il est recommand\u00e9 de l\u2019installer dans un endroit suffisamment ensoleill\u00e9.","_links":{"self":[{"href":"https:\/\/boutique.solux.sn\/index.php\/wp-json\/wp\/v2\/product\/5340","targetHints":{"allow":["GET"]}}],"collection":[{"href":"https:\/\/boutique.solux.sn\/index.php\/wp-json\/wp\/v2\/product"}],"about":[{"href":"https:\/\/boutique.solux.sn\/index.php\/wp-json\/wp\/v2\/types\/product"}],"version-history":[{"count":8,"href":"https:\/\/boutique.solux.sn\/index.php\/wp-json\/wp\/v2\/product\/5340\/revisions"}],"predecessor-version":[{"id":8791,"href":"https:\/\/boutique.solux.sn\/index.php\/wp-json\/wp\/v2\/product\/5340\/revisions\/8791"}],"wp:featuredmedia":[{"embeddable":true,"href":"https:\/\/boutique.solux.sn\/index.php\/wp-json\/wp\/v2\/media\/8924"}],"wp:attachment":[{"href":"https:\/\/boutique.solux.sn\/index.php\/wp-json\/wp\/v2\/media?parent=5340"}],"wp:term":[{"taxonomy":"product_brand","embeddable":true,"href":"https:\/\/boutique.solux.sn\/index.php\/wp-json\/wp\/v2\/product_brand?post=5340"},{"taxonomy":"product_cat","embeddable":true,"href":"https:\/\/boutique.solux.sn\/index.php\/wp-json\/wp\/v2\/product_cat?post=5340"},{"taxonomy":"product_tag","embeddable":true,"href":"https:\/\/boutique.solux.sn\/index.php\/wp-json\/wp\/v2\/product_tag?post=5340"}],"curies":[{"name":"wp","href":"https:\/\/api.w.org\/{rel}","templated":true}]}}